er when 37 is divided by r?
17
Let d = -18 + 114. What is the remainder when 24 is divided by (-2)/(d/52 - 2)?
11
Let y = 46 - 29. Calculate the remainder when y is divided by 5.
2
What is the remainder when -2*2/(8/(-10)) is divided by (6 - 1) + (-1 - 1)?
2
Suppose -2*n + 4*n - 20 = 0. Calculate the remainder when 17 is divided by n.
7
Suppose -5*q - 4*j + 154 = 0, -q - 3*q - 5*j + 125 = 0. What is the remainder when q is divided by 16?
14
What is the remainder when 4 + (-8)/(-12)*63 is divided by 12?
10
Suppose -i - 6 - 12 = -3*z, 3*i + 9 = 0. Suppose 0 = 5*v - 3*h + 2, -4*v + 46 - 18 = z*h. Let b = -51 + 55. What is the remainder when b is divided by v?
0
Let x(h) = -h**2 + 3 + 5*h + 1 + 3. Let o be x(7). Let i = o - -18. What is the remainder when 31 is divided by i?
9
Suppose -4*w - 7 = 5. Let p(a) be the third derivative of a**5/20 + a**4/12 - a**3/6 + a**2. What is the remainder when 59 is divided by p(w)?
19
Suppose a + 29 - 91 = 0. Calculate the remainder when a is divided by 21.
20
Let n(k) = -k + 5. Let l be n(6). Calculate the remainder when -21*(-1)/(-6)*-2 is divided by 2 + l/1 + 3.
3
Let m = 1 - -3. Suppose 0*h = m*h + 16. What is the remainder when 2 is divided by (-4)/16 + (-5)/h?
0
Suppose -3*v - 6*v = -297. What is the remainder when v is divided by 5?
3
Let s be 22*(-2 - -3)*-1. Let g = s - -33. Let i(m) = -m**3 + 5*m**2 + 8*m - 8. Calculate the remainder when g is divided by i(6).
3
Let y(g) = 19*g**2 + g - 1. Let f be 0/(-2) - (4 + -6). Let s be f/(1 - -1) - 0. Calculate the remainder when y(s) is divided by 10.
9
Let x be 4 + (3 - 1) - 2. Suppose 6*y + 45 = 7*y. Suppose y = -x*f + 137. What is the remainder when 44 is divided by f?
21
Suppose u = -k + 33, -5*u - 4*k + 101 = -2*u. Let f be 2 + 3 + -1 + 1. Suppose 0 = f*p - 0*p - 55. Calculate the remainder when u is divided by p.
9
Let g = -22 - -35. What is the remainder when g is divided by 5?
3
Let r(g) = 4*g - 2. Calculate the remainder when r(4) is divided by ((-3)/(-2) + -1)*10.
4
Let k(h) = 5*h - 1. Let v be k(1). Suppose -20 = -v*t - 4. Calculate the remainder when 6 is divided by t.
2
Let y(h) = h**3 - 9*h**2 + 2*h + 5. Let m = -2 + 10. What is the remainder when y(9) is divided by m?
7
Let m(y) = 2*y**2 + 9*y - 8. Let i be m(-7). Let l = -13 + i. What is the remainder when 542/14 - (-4)/14 is divided by l?
11
Suppose 2*q = -5*t + 185, -4*q = -t - 3*q + 30. Calculate the remainder when t is divided by 12.
11
Let c = -17 + 36. What is the remainder when c is divided by 5?
4
Suppose 0 = 3*a - 2*a + 2*u - 17, 2*u + 10 = 2*a. What is the remainder when a is divided by 4?
1
Calculate the remainder when (-11)/(-3) - 3/(-9) is divided by (6/(-4))/((-7)/14).
1
Suppose y - 5*y = 0. Suppose -r - 2*r + 21 = y. Let h(x) = x**2 - x + 2. Calculate the remainder when r is divided by h(2).
3
Suppose 3*v + 4 = -2. Let r(f) be the first derivative of -3*f**2 + 2*f + 4. What is the remainder when 27 is divided by r(v)?
13
Let r be (-1 - 0 - 0) + 5. Let j be (r/(-10))/((-1)/5). Let d = 4 + j. What is the remainder when 21 is divided by d?
3
What is the remainder when 93 is divided by (-354)/(-15) - (-6)/15?
21
Let n be 9*(8/(-6) + 2). Let g be 4/(-1)*n/(-4). Let a = g - 4. Calculate the remainder when 4 is divided by a.
0
Calculate the remainder when (4/(-10))/((-5)/425) is divided by 7.
6
Let f(l) = 13*l**2 - l - 4. Calculate the remainder when f(-2) is divided by 17.
16
Let p be (2403/(-12))/(3/(-8)). Suppose -3*w + 0*j - 321 = -j, 5*w - 2*j + p = 0. Calculate the remainder when 15 is divided by (-4)/(-14) + w/(-14).
7
Suppose 145 = -0*j + 2*j + 5*g, 0 = 3*j + 3*g - 213. Let m(s) = s**2 - 3*s - 4. Calculate the remainder when j is divided by m(-4).
22
Suppose s - 6*s + 240 = 0. Calculate the remainder when s is divided by 13.
9
Suppose -4*l - 204 = -4*g, -4*l = -5*g + 121 + 134. What is the remainder when g is divided by 27?
24
Suppose -2*v + v - 3 = 0. Let b = v + 9. What is the remainder when (8 - -1)/(5 + -4) is divided by b?
3
Suppose 6*n = n + 10. Suppose -2*o + 4 = 0, -2*o - 4 = -4*t + n*t. Suppose 20 = -t*b + 64. What is the remainder when 42 is divided by b?
9
Suppose -26 = -5*b + 29. Calculate the remainder when 42 is divided by b.
9
Suppose -3*z + 0*z = 0. Suppose -q + 3 = 0, z = 2*x - 5*q + 4*q - 15. Suppose 9*g - 26 - 19 = 0. What is the remainder when x is divided by g?
4
What is the remainder when 3/(-1) + 50/2 is divided by 12?
10
Let p(c) be the third derivative of c**4/3 + c**3/6 + 3*c**2. Calculate the remainder when p(4) is divided by 12.
9
Suppose 2*v + 16 = -2*v. Let j be (v/(-10))/((-1)/(-15)). Suppose 3*k + 4*d = -j + 22, 0 = -3*d + 3. What is the remainder when k is divided by 3?
1
Suppose g = -4*j + 42, -210 = g - 6*g - 2*j. Let u be 33/7 - (-6)/21. Suppose -k - 162 = -u*k - i, k - g = -i. What is the remainder when k is divided by 14?
12
Suppose -18 - 26 = -2*p. Let y be -6 + 5 - -97*1. What is the remainder when p is divided by ((-2)/(-4))/(4/y)?
10
Let b(j) = -1 + j**3 - 8*j**2 - 9*j - 2*j**3 + j. Let r = 6 + 11. Calculate the remainder when r is divided by b(-7).
5
What is the remainder when ((-62)/6)/(4/(-12)) is divided by 11?
9
Let p(j) = j**3 + 6*j**2 + 7. Let b be p(-6). Suppose 7 = 2*v - b. What is the remainder when 11 is divided by v?
4
Suppose 3*s - 38 = -2*s - q, -2*s = 3*q - 10. What is the remainder when 13 is divided by s?
5
Suppose 0 = -3*d + 2*p + 473, 5*p + 24 = 4. Let x = d + -82. Calculate the remainder when x is divided by 19.
16
Suppose 2*b + 4*g = 12, 0 = -2*b + 2*g + g - 2. Suppose b*z - 42 = -z. Calculate the remainder when 40 is divided by z.
12
Let n(q) = q**3 + 11*q**2 + 10*q + 2. Let a be n(-10). What is the remainder when (-112)/(-4)*a + -3 is divided by 28?
25
Let o = 51 + -22. Let z(l) = l**2 - 10*l. Calculate the remainder when o is divided by z(11).
7
Suppose 15*b - 10*b = -4*p + 49, 3*p + 5*b = 33. Calculate the remainder when 24 is divided by p.
8
What is the remainder when (-51)/2*24/(-36) is divided by 6?
5
Suppose 0 = -2*m - 10, -7*f - m = -2*f. Suppose 0*y - 4*y + 712 = 0. Suppose 0*s = 5*c + 3*s - y, -s + f = 0. Calculate the remainder when c is divided by 12.
11
What is the remainder when 107 is divided by (12 + -5)/7*(1 - -26)?
26
Suppose 5 = -4*z + 5*z. Calculate the remainder when 22 is divided by z.
2
Suppose 49 = 5*u - 26. Calculate the remainder when 55/2 + (44/(-8) - -6) is divided by u.
13
Suppose t + 3*i = 0, 2*t - t - 4*i - 21 = 0. What is the remainder when t is divided by (-5)/((-5)/2) - -3?
4
Suppose -5*q = -4*q - 4. Let x(w) = -5*w - 6. What is the remainder when x(-3) is divided by q?
1
Let h = 8 - 5. What is the remainder when 0 + h + (-4 - -35) is divided by 18?
16
Suppose -2*q + 12 = q. Suppose 2*h + 11 = m, -6*m - q*h = -m - 69. What is the remainder when 50 is divided by m?
11
Let o = 0 + 4. Suppose -o*j = -j - 33. Calculate the remainder when 43 is divided by j.
10
Let d(k) = 2*k + 5. Calculate the remainder when d(8) is divided by 6.
3
Suppose 2*t = 4*q + 3 - 17, 2*q + 4*t - 32 = 0. Suppose x + 2*x = q. Suppose 6 + 14 = x*v. What is the remainder when 29 is divided by v?
9
Suppose -2*d + 6*d = m - 27, 0 = m + 2*d - 57. What is the remainder when m is divided by 7?
5
What is the remainder when (-375)/(-55) - 7 - (-2270)/22 is divided by 53?
50
Suppose -2*s - a + 15 = 3, -30 = -5*s + 5*a. Calculate the remainder when 17 is divided by s.
5
Let t(z) = -z**2 + 3*z + 9. Calculate the remainder when t(4) is divided by 2.
1
Let m = 41 + -19. Calculate the remainder when m is divided by 6.
4
Let x(w) = 0 - 1 - 8 - 14*w + 6. Calculate the remainder when 97 is divided by x(-2).
22
Let b be 94/(-8)*4*1. Let l = 91 + b. Calculate the remainder when l is divided by 15.
14
Suppose -61*m = -65*m + 52. Let i(b) = b**3 - 3*b**2 - b - 4. Calculate the remainder when m is divided by i(4).
5
Suppose n + 3*h = 3*n + 5, -4*h = -5*n + 5. Suppose 2*d + 2*d - 4*k - 180 = 0, -n*d = 5*k - 205. Calculate the remainder when d is divided by 11.
10
Let u(m) = m**2 + 7*m + 6. Let t be u(-5). Let l be ((-8)/(-6))/(t/(-12)). Suppose 0*k - 8 = -l*k. What is the remainder when 4 is divided by k?
0
Suppose 3*y - 4 = 176. What is the remainder when 177 is divided by y?
57
Let z(o) = 4*o - 7. Suppose 5*d + 5*f - 5 = 0, 3*d + 